- -129. Let v(g) = 11*g + j*g + g**2 + g**2 - 2 - 13*g. Let l = -13 - -8. Determine v(l).
18
Let z(m) = m**2 - 11*m - 38. Let o be z(13). Let h be ((-32)/o)/(-3 + 42/18). Let k(n) = n - 4. What is k(h)?
-8
Let m(t) = -3*t - 6*t + 3 + 0*t + 10*t. Suppose 8*x - 16 = 8. Suppose 5*v + 27 = -2*s, -2*v - 3*s + 1 = x. What is m(v)?
-4
Let x be ((-10)/(-8))/(2/8). Suppose -x*c + 11 = -9. Let g(v) = -v - 1. Let z(k) = 4*k + 3. Let p(d) = -7*g(d) - 2*z(d). Determine p(c).
-3
Let b(x) = -11*x**3 + 14*x**2 + 5*x - 25. Let l(y) = 5*y**3 - 6*y**2 - 3*y + 13. Let p(z) = -6*b(z) - 13*l(z). Calculate p(6).
35
Let w = 480 + -476. Suppose 0 = 4*p - 2*c + 4, w*p + 13*c + 32 = 8*c. Let y(h) = h**3 + 5*h**2 + 3*h. Calculate y(p).
9
Suppose -7*f + 20 = -2*f. Let t(w) be the third derivative of -w**4/8 + 2*w**3 + 6*w**2 + 731*w. Determine t(f).
0
Suppose 1300 - 609 = -50*r + 491. Let x(w) = 8*w + 5. Let g(v) = v + 1. Let a(k) = -4*g(k) + x(k). What is a(r)?
-15
Let i(d) = d**3 - 7*d**2 + 5*d + 1. Let r(v) = v**2 + 23*v - 61. Let c be r(-26). Let o be -1 + -1 + c + -6. Let b be (6/(-4))/(o/(-36)). Give i(b).
-5
Let d(p) = -115*p**2 + 118*p - 45. Let u(h) = 26*h**2 - 29*h + 11. Let a(m) = 2*d(m) + 9*u(m). Determine a(6).
3
Let w(r) = -r + 2. Let v(l) be the first derivative of 13*l**2/2 - 16*l + 4. Let u(k) = -v(k) - 6*w(k). Calculate u(-4).
32
Let q(o) be the third derivative of -o**6/120 - o**5/15 + 3*o**4/8 + 10*o**3/3 - 337*o**2 - 3*o. What is q(-5)?
0
Let x(z) = -z**3 - 6*z**2 - 5*z - 5. Let s be 27/(-9)*(-20)/12. Suppose -s*p = 3 + 27. What is x(p)?
25
Let c = 32 + -38. Let p(z) = -z**2 - 9*z - 12. Let q be p(c). Suppose 3*d - 9 = q. Let j(f) = -f - 4. Give j(d).
-9
Let w = 1523 + -935. Let j(x) = 1170 + 10*x**2 - w - 8*x - 593 - x**3. What is j(9)?
-2
Let w(r) = r. Suppose -2*p = n - 8, -n = 5*p - 3*n - 20. Let i be p + (-2 + 3)*-6. Let g be i/(-9) + (-6)/27. What is w(g)?
0
Let m(d) = -13*d + 26*d - d + 89 + 3*d**2 - d - 43*d. What is m(4)?
9
Let j(h) = 7*h - 25. Let o be j(4). Let a(y) = -5 + 6 + 3*y + o*y + 3*y**2 - 2*y. Give a(-3).
16
Let a(d) = -d + 9. Let q be (-6)/33 - 916/44. Let h = q + 3. Let k be 18/81 - (1 + 14/h). Determine a(k).
9
Let y = -179 - -184. Let o(g) = 1830*g - 1828*g + 43 + y - 17 + 20. Calculate o(-21).
9
Suppose 131*i - 138*i = -154. Let u(d) = -27 + 7*d**2 + i + d + 11 + d**3. Give u(-7).
-1
Let p = -187 - -176. Let f(w) = 8*w + 3 + 12*w**2 + 2*w - 14 + w**3. Let l be f(p). Let y(g) = -g + 1. Determine y(l).
1
Let z(r) = 7 - 5 - 16 + 4 - 2*r + 12. Suppose 10 = -3*u + 1. Give z(u).
8
Let u = 685 - 729. Let v(r) = 4*r**2 + 2*r - 5. Let h be v(-4). Let b = h + u. Let d(j) = j - 5. Determine d(b).
2
Let h = -3335 + 3334. Let c(p) = 8*p**3 + 2*p**2 + 9*p + 8. What is c(h)?
-7
Let y(i) = 2*i**2 - 4*i. Let w be -2 + 4 - (2 + 1). Let d(r) = -22871*r + 22865*r - 3 + 1. Let f be d(w). What is y(f)?
16
Let l(y) = 13*y**3 + 5*y**2 - 15*y - 1. Let n(r) = 24*r**3 + 10*r**2 - 27*r. Let z(m) = 11*l(m) - 6*n(m). Give z(-4).
-15
Let d(i) = i**2 - 17*i + 32. Let v be (10/(-30))/(3/(-6354)). Let j = v + -691. Determine d(j).
2
Suppose 4*d - 2*a = -175 + 187, 2*d = -a + 18. Let r(v) = v**2 - v + 10. Let z(g) = -g - 1. Let i(h) = r(h) + 6*z(h). Calculate i(d).
-2
Let v(i) be the first derivative of -i**3/3 + 11*i**2 - 52*i - 12245. Calculate v(20).
-12
Suppose 110*j + 2 = 114*j - 2*k, 4*k - 12 = 0. Let m(d) = -1 + 12*d + 13*d - 31*d**3 - 26*d + 2*d + d**j. Calculate m(1).
-30
Suppose -96*o = 485 - 101. Let k(m) = -m**3 - 3*m**2 + 11*m + 23. Calculate k(o).
-5
Let f(a) = a**3 + 6*a**2 + 7*a + 7. Suppose -5*m - u + 102 = 0, m - 6 - 6 = -3*u. Suppose 6 = 3*l + m. What is f(l)?
-3
Let r be 4 + -5*(-8)/20. Let u(p) = -4*p**2 - 2*p - 6 + 3*p**2 - p + r*p**3. Let l(g) = 7*g**3 - 2*g**2 - 3*g - 7. Let i(a) = 5*l(a) - 6*u(a). Calculate i(-5).
11
Let w(i) = i + 9. Let o(r) = 3*r**3 - 235*r**2 + 76*r + 159. Let d be o(78). Calculate w(d).
12
Let v(n) = -n**2 - 7*n - 5. Let w = 6 - 4. Suppose g = -w*u - 6, 0 = 5*g + 5*u + 25 - 5. Let z be 20/g + 12/3. Calculate v(z).
1
Let z be (24/(-9))/(4/(-6)). Suppose z*i - 19 = -15. Let a(m) = -6*m. What is a(i)?
-6
Let o = 3476 + -3488. Let v(m) = m**3 + 11*m**2 - 14*m - 19. Determine v(o).
5
Let s(j) = 2*j - 2. Let m = 57 - 51. Suppose -m*a - a = -21. Let f be (-3*a/(-3))/1. Determine s(f).
4
Suppose 0*s = -s - 10. Let r = 11 + s. Let i(h) = -23*h**2 + 18*h**3 + 21*h**2 + 0*h**2 + 1. Give i(r).
17
Suppose -17*o = -7*o - 20. Let j(t) = -1 + 14*t + o - 25*t - 4*t**3 - t**2 + 10*t. Determine j(1).
-5
Let x(s) = -13*s - 14. Let z(h) = 22*h + 26. Let f(w) = -5*x(w) - 3*z(w). Suppose -4*y = 4*t + 44, -2*y - 3*t - t - 32 = 0. Determine f(y).
-2
Suppose 0 = -l - 4*c - 4, -7*c = -3*l - 2*c - 12. Let q be 1/((-2 + 1)/l). Let r(h) = 7*h - 5*h + 2*h. What is r(q)?
16
Let y(w) be the third derivative of -w**5/60 - w**4/8 + w**3/2 - 1080*w**2. What is y(-5)?
-7
Let s(r) = -10*r + 264. Let y be (2/(-5))/(33/15) - (-963)/33. Calculate s(y).
-26
Let j(f) = -2*f**2 - f + 3. Suppose -208 + 324 = -58*i. Give j(i).
-3
Let o(p) = 103*p - 728. Suppose -3*v = -4*k - 45, 3307*k + 2 = -4*v + 3302*k. Calculate o(v).
-7
Let t(n) = -7*n - 82. Let o be t(-12). Let f(q) = -q - 3*q - q**o - 2 + 2*q + 1 - 1. Determine f(0).
-2
Suppose -9*a = -7*a - 200. Let x be (-40)/a + 74/10. Suppose -7 = -0*q + x*q. Let n(z) = 16*z**2 - z. Calculate n(q).
17
Let n(h) = 3*h - 74*h**2 + 75*h**2 + 4*h + 5*h + 3*h - 37. Give n(-20).
63
Let k(v) = -7*v - 14*v - 6*v + 34*v + 54 - 10*v. Determine k(13).
15
Let r(g) = 15*g**3 - g**2 + 3*g - 14. Let h(s) = -7*s**3 - 2*s + 6. Let w be 1/(2 + 52/(-24)). Let z(y) = w*r(y) - 13*h(y). Give z(-5).
-9
Suppose -3 + 9 = 4*g - 3*q, 2*g - 4 = q. Let v(h) = 5*h - 23. Let c(m) = -8*m + 45. Let u(y) = g*c(y) + 5*v(y). Determine u(0).
20
Suppose -u + 776 = -5*o - 0*u, -4*o - 5*u - 615 = 0. Let v = -174 - o. Let m(g) = -g**2 - 21*g - 42. Determine m(v).
-4
Let o(g) = g**3 + 13*g**2 + 13*g + 10. Let f(l) = 2*l**3 - 54*l**2 + 57*l - 142. Let a be f(26). What is o(a)?
-2
Let u(j) be the first derivative of 2*j**3/3 - 5*j**2/2 + 3*j - 19. Let k = -24 + 7. Let c be (-8)/20 + k/(-5). Determine u(c).
6
Let l(p) be the first derivative of 2*p**3/3 - 11*p**2/2 + 8*p - 2653. Suppose 2*v - 8 - 6 = 0. Determine l(v).
29
Suppose 3*l = 4*n + 3 - 11, -5*l = -4*n. Let x be (-1 + -1)/(-5 + l). Let c(w) be the second derivative of -5*w**3/6 - w**2 - 3*w - 1. Determine c(x).
-12
Let c be (153/34)/(9/(-12)). Let n(u) = -7*u - 19. What is n(c)?
23
Let d(k) be the second derivative of -k**4/4 - 13*k**3/6 - 3*k**2/2 - 2*k + 206. Let j(a) = a**2 + a - 1. Let b(s) = d(s) + 2*j(s). Give b(-7).
23
Suppose 3*p - 17 = -34*p - 239. Let k(o) = o**2 + 4*o - 23. Give k(p).
-11
Suppose 7 = -3*h - q, q + 28 = 30. Let z(b) = -b**3 + 7*b - 1. What is z(h)?
5
Suppose 16 + 735 = -239*i - 683. Let m(v) = v**2 + 15*v + 11. Calculate m(i).
-43
Let i(x) = -61*x - 8*x**2 + 2 + 0*x**3 - 2*x**3 + 72*x - x**2 + x**3. What is i(-10)?
-8
Let b(y) = -y**3 + 5*y**2 + 11*y + 24. Let w be b(7). Let p(q) = -7*q**2 - 17*q**3 - 10*q**3 + w*q**2 + 28*q**3. Let s be ((-8)/(-2))/1 - 0. Give p(s).
0
Let p(z) = z**3 + 7*z**2 + 7*z + 7. Let m = -8 + 11. Suppose 0 = 5*v + m*n - 44 + 267, -3*v - 133 = n. Let k = v + 38. Calculate p(k).
1
Let f(y) = 41*y - 233. Let h(b) = -39*b + 229. Let g(p) = -6*f(p) - 5*h(p). What is g(5)?
-2
Let p(q) = 3*q**2 + 26*q + 32. Let x be -4 + (-15)/(-5) + 24/(-5 - -1). Give p(x).
-3
Let m = -14813 - -14821. Let i(l) = 6*l**2 - 44*l - 29. Calculate i(m).
3
Let g(s) = -s**3 - 2*s + 13. Let v be g(0). Let q = v + -2. Let t be (6*(-1)/(-7))/(q/77). Let l(w) = -w**2 + 4*w - 7. Give l(t).
-19
Let r(h) = -10*h + 9. Let y(x) = x**3 + 2*x**2 - 10*x - 17. Let w be y(-3). What is r(w)?
-31
Let u(q) = -32*q + 231. Suppose -16*t = -t - t - 98. Give u(t).
7
Suppose 15*w = 8 + 37. Let t(x) = -x**2 + x - 5. Determine t(w).
-11
Let a(c) be the first derivative of -c**4/4 - c**3 + 3*c**2/2 - 3*c + 1035. Calculate a(-4).
1
Let m(c) = 401 - 217 - 186 + 6*c - 19*c - 7*c**2. Calculate m(-2).
-4
Let f(t) = t**2 + 7*t + 4. Let h(m) = 2*m**3 - 17*m**2 - 10*m + 6. Let z = 317 - 308. Let r be h(z). Determine f(r).
-8
Let i(s) = 102 - 144 + 699*s + s**2 - 689*s. Give i(3).
-3
Let g(y) be the first deri